ine t(l).
9
Let t(y) = -7*y + 5. Let s(i) = -73806*i - 73805*i - 4 + 147619*i. Let n(l) = -7*l**2 + l. Let g be n(1). Let v(z) = g*s(z) - 7*t(z). What is v(5)?
-6
Let t(l) = -220*l - 223*l + 186 + 620*l + 68 - 220*l. Calculate t(6).
-4
Let p(g) = g**2 - 2*g - 1. Let r be p(3). Let c(i) = i**2 + 2*i + 1. Let n be c(-3). Let d(y) = -10*y + n*y - 3 + 1. What is d(r)?
-14
Let a = 9 - 7. Let n(y) = 88*y**2 + 1 - 38*y**2 - 46*y**a. What is n(-1)?
5
Let m(d) = -9*d + 9*d + 4 + 6*d**2 - d - 4*d - d**3. Let l = 7784 + -7779. Calculate m(l).
4
Let d(z) = -2 - 22*z**2 + 18*z**2 - 1683*z + 1654*z + 3. Determine d(-9).
-62
Let z = -1198 - -1189. Let f(w) = -w**2 - 5*w + 39. Give f(z).
3
Let b(p) be the second derivative of p**4/24 - 2*p**3/3 + 34*p**2 + 52*p. Let n(w) be the first derivative of b(w). Suppose 1 = -v + 5. Give n(v).
0
Let j(o) = o**3 - 8*o**2 + 2*o - 10. Suppose 11*l = l + 200. Let q be 4/(-10) + (-5 - (-268)/l). Calculate j(q).
6
Let d(i) = i + 1. Let q be 208/39*354/(-4). Let p = -472 - q. Give d(p).
1
Let n(x) = 14*x**2 + 106*x**3 - 332*x**3 + 110*x**3 + 4 - 16*x + 117*x**3. What is n(-15)?
19
Let b(r) = -r + 7. Let f be b(-8). Let a(v) = -11*v - 1. Let w(g) = 18*g + 1. Let o(s) = -5*a(s) - 3*w(s). What is o(f)?
17
Let q = -15377 + 15371. Let f(a) = a - 2. Let b(w) = 2*w - 5. Let l(d) = 4*b(d) - 9*f(d). What is l(q)?
4
Suppose -13*b = -20*b + 385. Suppose -63*t + b*t = 56. Let p(s) = 4*s - 23. Let u(j) = -j + 8. Let r(f) = 2*p(f) + 7*u(f). Give r(t).
3
Suppose 5*q + 4*g + 33 = 0, 4*g - 39 = -3*q + 6*q. Let k be (q/(-6))/((-5)/(-200)*-6). Let y(s) = 2*s + 4. Give y(k).
-16
Let w(r) be the first derivative of -r**2/2 - r + 80. Let x = -30 + 12. Let b be (-78)/x - 1/3. Calculate w(b).
-5
Let h(y) be the second derivative of -y**5/20 - 3*y**4/4 - 4*y**3/3 - 2*y**2 + 2*y + 21. Let f be (4 + (-44)/12)*-3. Let p be 1*((f - 0) + -7). What is h(p)?
-4
Let v(o) be the first derivative of o**2/2 + 12*o - 744. Determine v(-16).
-4
Let l be ((-24)/(-30))/(2/5). Suppose 48 = -4*i + 8. Let u be (i/4)/((-1)/l). Let k(j) = j**3 - 4*j**2 - 8*j + 3. What is k(u)?
-12
Suppose 0 = -8*d + 14*d. Let g(j) = -9*j - 4 + j**2 + d - 3 - 5. Determine g(9).
-12
Let q(w) = -w + 6. Suppose 3*g + 2*j = 6*g - 22, -45 = -5*g - 5*j. Let s be q(g). Let l(m) = -12*m**2 - 3*m**2 + 0 + 26*m**2 - 4*m - 12*m**2 - 3. What is l(s)?
1
Let u(c) = 30*c + 61. Let l be u(17). Let t(q) = -1138*q + 569*q + l*q. Suppose 0 = 4*k, 3*j - 3*k + 25 = -2*j. Give t(j).
-10
Let g(z) = 6 + 1 + 20*z - 1 - 21*z + 8. Calculate g(-16).
30
Let j(g) = -114*g - 25. Let b(x) = 76*x + 19. Let t(l) = 8*b(l) + 5*j(l). Give t(-3).
-87
Let a(u) = 2185*u - 1 - 3 - 4368*u + 1 + 2187*u. Give a(-6).
-27
Suppose 0 = -p + 6*u + 27, -5*p - 3*u = -p. Suppose -4*h - p*x + 24 = 0, -h - 4*x + 2 = -17. Let d(i) = 2*i**2 - 3*i - 4. Determine d(h).
5
Suppose p = -4*p - 2*a + 6, 0 = p - 3*a - 8. Let s(g) = 74*g**3 + 74*g**3 - 1 - 151*g**3 + p*g - g**2. Determine s(1).
-3
Let h(u) = u**2 + 9 - 21*u + 5 - 29*u - 24*u + 66*u. Calculate h(4).
-2
Suppose 0 = -44*o + 48*o + 4. Let q be (-7)/(-49) + o/7 + 3. Let m(y) = y - 6. Give m(q).
-3
Let k(h) be the first derivative of 3*h**4/4 + 2*h**2 - 2*h + 5367. Determine k(2).
30
Let g(l) = -l - 5. Let w be g(-8). Let z(i) be the second derivative of -i**4/12 - i**3/3 + 5*i**2 + 375*i - 113. Determine z(w).
-5
Let q(s) = -5*s + 3. Let r(l) = -l**2 + 7*l - 8. Let v(t) be the third derivative of -t**4/24 - t**3 - 5*t**2. Let m be v(-11). Let j be r(m). Give q(j).
-7
Let b(n) = 5*n - 32. Let z(i) = -18*i**2 - 4*i + 8. Let r be z(0). Calculate b(r).
8
Suppose -19*a - 3 = -20*a. Let y(w) = 12*w - w**a + 2 + 4*w**2 + 2 - 16*w - 2. Determine y(5).
-43
Suppose -2*l = o - 15, 2*o - 11 = -2*l + 5. Let q(t) = -7*t - 46. Let x(g) = -g - 12. Let f(m) = q(m) - 5*x(m). Give f(l).
0
Let i(m) = -5*m**2 - 2*m + 1. Suppose -4*q + 5 = -s - 7, 5*q = 2*s + 15. Suppose -4*k + 153 = 5*w, s = -2*k + k + 5*w + 32. Let d = 38 - k. Calculate i(d).
-6
Suppose 22*z = 17*z. Suppose z = 9*r + 11*r - 60. Let u(k) = 2*k**3 - 5*k**2 + 3*k + 4. What is u(r)?
22
Let i(v) be the second derivative of -v**3/2 - 3*v**2/2 - 190*v. Give i(-7).
18
Let m(z) = -2*z**2 - 6*z + 2. Let x = 860 + -568. Let a = -298 + x. Give m(a).
-34
Let d(c) = -c**2 + 11*c + 17. Let o be d(12). Let g = -356 + 358. Let f(t) = -g*t + 9*t - o*t - 3*t. Give f(0).
0
Let j(c) = -c**3 + c**2 + 2*c - 4. Let v be (-264)/32*24/(-9). Suppose v*h - 15*h = 21. What is j(h)?
-16
Suppose 0 = -3*y - 5*i - 44, 2*y + 3*i - 12 = 5*y. Let k = y + 3. Let l(r) be the third derivative of r**5/60 + r**4/8 - r**3 - 290*r**2. Determine l(k).
4
Let q = -583 + 581. Let x(o) = -7*o**2 - 31*o + 7*o**2 + 29*o - o**3. Give x(q).
12
Let p(z) = -11 + 9 - 17*z - 27*z + 43*z. Let k(i) = 6*i**2 - i - 1. Let d be k(-1). Determine p(d).
-8
Let d = 15 + -24. Let g = -15 - d. Let h(s) be the second derivative of s**4/12 + 2*s**3/3 + s**2/2 + 34191*s - 2. What is h(g)?
13
Let j(w) = 12*w**2 + 15*w - 3. Let y(u) = 5*u**2 + 8*u - 2. Let r(h) = 3*j(h) - 7*y(h). What is r(10)?
-5
Let r(m) = -4*m + 3. Let b = 0 + 2. Let d(x) = -26 + 0*x - b*x + 3*x - 3*x. Let p be d(-14). Determine r(p).
-5
Let n be ((-14)/7 - -14) + -10. Let i(f) = 2*f + 2. Let m(p) = -p - 3. Let k(w) = 4*i(w) + 3*m(w). Give k(n).
9
Let g(m) be the second derivative of 9*m - 14*m**2 + 0 + m**3 + 1/8*m**4. Let k(a) be the first derivative of g(a). Give k(-5).
-9
Let c(s) = 3*s**3 + 2*s**2 - 147*s - 149. Let r be c(-1). Let t(a) = a**3 + 2*a**2 + 13. Give t(r).
4
Let r(v) = 1 - 7*v + 2*v + v + v. Suppose 5*b = -l - 50, -l + 9 = 2*b + 26. Let a(k) = -16*k + 4. Let i(d) = b*r(d) + 2*a(d). Determine i(-4).
-7
Let t(w) be the first derivative of w**2/2 - 5*w + 9430. Give t(-5).
-10
Let a(r) be the second derivative of -r**5/20 + r**4/12 - 5*r**2/2 + 306*r. Calculate a(4).
-53
Let b(a) = -a**3 + 5*a**2 + 3*a - 5. Let y be -28 + (-3611)/(-115) + (-3)/(-5). Determine b(y).
23
Suppose -29*z + 18*z + 680 = -45*z. Let q(n) = -n**2 - 17*n + 61. Determine q(z).
1
Let f(g) be the first derivative of g**3/3 + 9*g**2/2 + 16*g + 1029. Determine f(-12).
52
Let r(s) = -s**2 + 3*s + 14. Suppose -5*i + 2*p = 6*p - 98, p - 63 = -3*i. Suppose 0 = -3*c + 5*c - 3*q - i, -2*q - 13 = -c. What is r(c)?
4
Let m be -3 + (2 + 1337/98)/((-144)/(-28)). Let v(a) be the third derivative of 7*a**2 + 1/3*a**3 + 0*a + 0 + m*a**4. Calculate v(-6).
-4
Let n(c) = 16*c + 47. Let i(z) = 5*z + 16. Let j = -233 + 231. Let u(b) = j*n(b) + 7*i(b). Calculate u(-6).
0
Suppose -13 = -v - 4*v + g, 2*v - 2*g - 10 = 0. Let q(p) = -p**2 + 7 + 2*p**v - 8 + 6*p. Give q(-6).
-1
Suppose -7 = 3*b + 4*m - 9, -2*b - 1 = 5*m. Let i(l) = -l**3 - 3*l + 4. Give i(b).
-10
Let q(x) be the first derivative of -1/4*x**4 + 79 + 0*x**2 + x + 0*x**3. Calculate q(1).
0
Let c(d) = -2*d - 3. Let n be 1*5 + 1*(-21)/7. Let h be (-3 + 4 + 1)/(n/3). Suppose -t = 5*y + 11, 0*t + 1 = y - h*t. What is c(y)?
1
Let r(l) = 2*l**3 - 85*l**2 + 3*l - 2. Let q(w) = -w**3 + 56*w**2 - 2*w + 2. Let n(s) = -3*q(s) - 2*r(s). Let x be (0 + 0)/2 - 2. Determine n(x).
14
Let i(t) = t**3 - 24 - 34 + 18*t**2 - 38*t + 105. Give i(-20).
7
Let l(t) = 2*t - 7. Let f(x) = 3*x - 10. Let r(o) = -5*f(o) + 7*l(o). Let d be (22/(-99))/(2/(-81)). What is r(d)?
-8
Suppose 19*h + 42 = 156. Let m(t) be the third derivative of -t**6/120 + t**5/10 + t**4/24 + t**3/2 + t**2. Calculate m(h).
9
Let i = 720 - 716. Let t = 5 + -1. Let x(y) = -t*y**2 - 4*y - 6 + 3*y**2 + 7*y + 8. Determine x(i).
-2
Let o(u) = u. Let q be o(-6). Let g(f) = -2073282 + 7*f + 0*f + f**2 + 2073285. Calculate g(q).
-3
Let t(o) = -10*o**2 - 34*o. Let l(i) = i**3 + 34*i**2 + 129*i + 5. Let v(f) = l(f) + 4*t(f). Suppose 2*w = -3*w + 35. Give v(w).
5
Let d = -3 - -1. Let t(s) be the second derivative of -s**5/20 - s**2 + 22899*s. Give t(d).
6
Let c(n) = -1001*n + 11935. Let k(b) = -40*b + 481. Let z(i) = -4*c(i) + 99*k(i). What is z(3)?
11
Let c(k) = -3*k + 8 - 3*k**2 + k - 6 + 8*k**2 - 4*k**2. Determine c(3).
5
Let j(l) = 26*l + 22. Let d(n) = 39*n + 32. Let p(y) = -5*d(y) + 7*j(y). Let g(m) = -2*m + 1. Let t(i) = -6*g(i) + p(i). Calculate t(-5).
-7
Let c(s) = s + 1. Let p(h) = 2*h**2 + 12*h. Let i be p(-8). Suppose -b = -3*f - 93, f + 3 + i = -b. Let j = f + 34. What is